 4.
3
Let g(p) = -p**3 + 12*p**2 - 9*p - 15. What is the remainder when 27 is divided by g(11)?
6
Let q = 14 + -10. What is the remainder when q is divided by 2?
0
Let b = 12 + -8. Calculate the remainder when 7 is divided by b.
3
Let m = 123 - 98. What is the remainder when 74 is divided by m?
24
Let k be -3 - (-5 + 0 + 1). Calculate the remainder when 10 is divided by 1/((-9)/12 + k).
2
Let m(d) = -2*d**3 + d**2 + 4*d + 1. Suppose 0 = -t + 15 + 10. Calculate the remainder when t is divided by m(-2).
12
Let h(x) be the third derivative of -x**5/60 - x**4/24 + 2*x**3/3 - 2*x**2. Let o = 34 + -34. Calculate the remainder when 13 is divided by h(o).
1
Suppose -255 = -2*q - q. Calculate the remainder when q is divided by 18.
13
Let k be 10/3 + (-1)/3. Suppose -j = 5*f - 36, -2*j + 5*j = -k*f + 24. Let w = f + -1. Calculate the remainder when 17 is divided by w.
5
Let t(q) be the first derivative of 2*q**3/3 + 2*q**2 - q - 3. What is the remainder when t(-7) is divided by 18?
15
Suppose 72 = 5*s - 48. Calculate the remainder when 42 is divided by s.
18
Suppose 5*c - 24 = 506. Calculate the remainder when c is divided by 12.
10
Let l = 61 + -122. Let a = -23 - l. Suppose -4*x + 16 = 2*y, -11 = 5*x - y - a. What is the remainder when x is divided by 2?
1
Calculate the remainder when 17043/221 - (-2)/(-17) is divided by 16.
13
Let g be (-4)/6 - 4/12. Suppose -h + 97 = 5*q, -4*q + 91 = q + 3*h. Calculate the remainder when q is divided by 9 + ((-6)/2 - g).
6
Let g = -32 - -50. Calculate the remainder when 51 is divided by g.
15
Let q = 65 - 54. What is the remainder when 42 is divided by q?
9
Suppose 5*i = 3*u + 150 - 46, -5*u - 132 = 2*i. Let o = 47 + u. Calculate the remainder when 37 is divided by o.
18
Suppose 0 = 6*r + 39 + 399. Let n = 113 + r. Calculate the remainder when n is divided by 21.
19
Let n be 2 + -1 + -2 - 55. Let y = -18 - n. What is the remainder when y is divided by 20?
18
Suppose 5*r = 2 + 68. Let q(o) = -o**2 - 2*o + 8. What is the remainder when r is divided by q(0)?
6
Let w be (3/5)/(1/5). Suppose w*q + q = 36. Let v(t) = 15*t**3 + 2*t**2 - 1. Calculate the remainder when v(1) is divided by q.
7
Suppose -1 = q - 3*r + 3, 3*q + 67 = -2*r. Let f = -9 - q. Calculate the remainder when 29 is divided by f.
9
Suppose -512 - 40 = -4*z. Calculate the remainder when z is divided by 28.
26
Let i = 25 - 11. Suppose 5 + 10 = 3*p. What is the remainder when i is divided by p?
4
Let n = -85 + 91. Calculate the remainder when 37 is divided by n.
1
Let x = -59 - -71. Calculate the remainder when 69 is divided by x.
9
Let j(a) = -a**2 + 11*a - 4. Suppose 0 = -2*i + c + 18, 3*i - 7 - 15 = 4*c. What is the remainder when 23 is divided by j(i)?
5
Suppose 0*i + 3*i = 27. Let p = i - -2. What is the remainder when p is divided by 5?
1
Suppose 3*u - 53 = -n, 5*u + 3*n - 99 = -16. Let b(w) = w**2 - w + 46. Let v be b(0). Let h = v - u. Calculate the remainder when h is divided by 14.
13
Calculate the remainder when 65 is divided by ((-66)/15)/((-6)/30).
21
Suppose 0 = 8*l - 14*l + 48. What is the remainder when 62/4 - 3/6 is divided by l?
7
Suppose 2*v = 3*v - 10. Suppose z + z = v. Let o = z - -13. Calculate the remainder when o is divided by 10.
8
Suppose -4*r = -3*x - 217, x = -2*r + 37 + 64. Suppose 4*o - 13 = -3*j + 15, 4*j - r = 2*o. What is the remainder when 57 is divided by j?
9
Suppose 163 + 132 = 5*l. Calculate the remainder when l is divided by 1688/84 - (-6)/(-63).
19
Let k = 4 - 0. What is the remainder when -37*(-3 - 1)/k is divided by 10?
7
Let a be (-1)/(-3) - (-5)/3. Let v = 1 + a. Let l(c) = -c**3 + c**2 + 8. Calculate the remainder when l(0) is divided by v.
2
Let j(h) = -h**2 + 8*h - 3. Let x be j(7). Let u = 9 - x. Let q(y) = -3*y**3 - 4*y**2 - 3*y - 1. Calculate the remainder when q(-2) is divided by u.
3
Suppose -2*s = -s - 30. Suppose 2*m - 3*m = -3*t + 34, -5*m - s = -t. Calculate the remainder when 18 is divided by t.
8
Suppose r = -2*r - p + 73, 68 = 3*r - 4*p. Suppose -72 = -2*q + r. What is the remainder when q is divided by 17?
14
Suppose 5*l - 10 = 0, 3*l - 2*l = 2*z - 24. Calculate the remainder when z is divided by 3.
1
Let x(c) = 2*c + 9. Calculate the remainder when 31 is divided by x(4).
14
Let g(q) = -q + 14. Let f be g(9). Let u(j) = -j**2 + j + 16. What is the remainder when (-229)/(-5) + f/25 is divided by u(0)?
14
Let q(h) = 6*h**2 + h - 19. Calculate the remainder when q(5) is divided by 28.
24
Suppose -3*q = 5*w - 8*q - 150, w - 4*q - 30 = 0. Suppose 4*u + 3*y - w = 0, 31 = 3*u - 0*u - 2*y. What is the remainder when 24 is divided by u?
6
Let i(j) = j**2 + 7*j - 16. Calculate the remainder when 95 is divided by i(-10).
11
Calculate the remainder when 75 is divided by 8/(1 + -5) + 84/3.
23
Let v(t) = -t + 7. What is the remainder when v(-6) is divided by 4?
1
Suppose 2*n = 5*v + 6, 15 = 3*n + 2*n - 4*v. Suppose 5*p - n*p - 25 = -j, 2*j = -5*p + 55. What is the remainder when 73 is divided by j?
13
Let x be 2*-1*(1 + -2). Suppose -4*b = -x*b - 274. Suppose 0 = -3*t - 5 + b. Calculate the remainder when t is divided by 15.
14
Suppose -5*f + 5*s = 31 + 49, -3*s + 61 = -4*f. What is the remainder when 15 is divided by -4 + 2 - (3 + f)?
7
Suppose w = -4*w + 20. Suppose -2*x - w = 0, 3*a + 6 = x + 29. Let q(o) = 2*o + 3. Calculate the remainder when q(5) is divided by a.
6
Suppose q = -3*q + 96. What is the remainder when q is divided by 13?
11
Let h = -24 + 36. Calculate the remainder when h is divided by 4.
0
Let q(j) = -j - 1. Let m be (-151)/(-7) + (-6)/(-14). Suppose 2*v - m = -3*z, 3*z - 3*v + 5 = 4*z. Calculate the remainder when z is divided by q(-4).
2
Let q(s) = s - 5. Let c be q(8). Suppose c*j + 52 = 178. Calculate the remainder when j is divided by 22.
20
Let y(p) = 5*p**2 + 2*p + 1. Calculate the remainder when 48 is divided by y(-2).
14
Suppose -4*k = 2*j - 96, 0 = 4*k + k + 20. Calculate the remainder when j is divided by 19.
18
Let v = -80 - -123. Calculate the remainder when v is divided by 9.
7
Let o(j) = 5 - 2 - 14*j + 11*j. Calculate the remainder when o(-6) is divided by 11.
10
Suppose s + 4*s - 10 = 0. Suppose 3*x = -0*w + 4*w + 25, 8 = -s*w. Let j(g) = -g**3 - 12*g**2 - 14*g - 22. Calculate the remainder when j(-11) is divided by x.
2
Let n be (-1)/6 + 35/(-6). Let t(a) = -a**2 - 11*a - 8. Calculate the remainder when t(n) is divided by 12.
10
Let a = 121 + -92. What is the remainder when a is divided by 11?
7
Let t(c) = 2*c - 1. Let j be t(4). Calculate the remainder when 18 is divided by (-4 + 1)/((-3)/j).
4
Let a = 141 + -78. Calculate the remainder when a is divided by 32.
31
Let d be ((-3)/(-9))/(1/27). Let o(p) = -p + 14. Let f(r) = 2*r**2 + 3*r. What is the remainder when f(-3) is divided by o(d)?
4
Let w(j) = -j**2 + 5*j + 3. Let b be w(4). Let z = 42 - 29. Let k = z - b. What is the remainder when 10 is divided by k?
4
Suppose -w + 2*z + 5 = 0, 0 = 4*z - 3 + 7. Suppose 0 = -3*x + 92 - 38. What is the remainder when x is divided by (-40)/(-6) - w/(-9)?
4
Suppose l + 17 = -y, l + 2*y + 14 = -0. Let q = -10 - l. What is the remainder when 19 is divided by q?
9
Let j = 8 + -4. Let g(k) = 6*k + 5. What is the remainder when g(j) is divided by 10?
9
Let l(m) = -20*m - 2. Suppose -v - 4*v - 85 = 0. What is the remainder when l(-3) is divided by (-3)/(v/(-20) - 1)?
18
Suppose -4*o = -3*r + 38, -r - 9*o = -4*o. What is the remainder when 43 is divided by r?
3
Let j(x) = -x**3 - x**2 - x. What is the remainder when 29 is divided by j(-2)?
5
Suppose 50 = h - 2*x, -x - 23 - 24 = -h. Suppose -3*u = -u - h. Suppose -2*v + 1 - 27 = -2*g, 0 = -2*g - 4*v - 4. What is the remainder when u is divided by g?
6
Let t be ((-32)/(-12))/((-2)/9). Let b = t - -24. What is the remainder when 22 is divided by b?
10
Let a(z) = z**3 - 5*z**2 - z + 2. Let h(x) = -x. Let u(l) = a(l) - 5*h(l). Calculate the remainder when 2 is divided by u(4).
0
Suppose 2*p - 5*l - 34 = 0, 0 = -p + 2*l + 3*l + 17. Calculate the remainder when p is divided by 3.
2
Let d(w) = w**2 - 9*w - 5. Calculate the remainder when d(11) is divided by 5.
2
Let r = 30 - 24. Suppose z = 6 + r. What is the remainder when 34 is divided by z?
10
Let h = 25 - 4. Calculate the remainder when 75 is divided by h.
12
Suppose 0 = -4*x + 5*c - 5, 5*x 